et n(i) = -2*i**2 + 22*i + 10. List the prime factors of n(10).
2, 3, 5
Let h = -4 + 33. What are the prime factors of h?
29
Let g be (-125)/15 + 4/(-6). List the prime factors of (-47)/g - 2/9.
5
Let m = -1 - -4. List the prime factors of m.
3
Let h = 31 + -20. Suppose 2*u + h = 3*u. What are the prime factors of u?
11
Let b(s) be the second derivative of -1/6*s**3 + 0 - s + 1/2*s**2. List the prime factors of b(-6).
7
Suppose -5*g = -3*l + 108, -l - 4*g + 53 = 17. Let x = l + -23. What are the prime factors of x?
13
Suppose 2*g - 47 = 17. What are the prime factors of g?
2
Let t be -3 - (-3 - 33) - -3. List the prime factors of -3*4/3 + t.
2
Suppose -3*p + 2*q + 332 + 64 = 0, -3*p + 417 = 5*q. What are the prime factors of p?
2, 67
Let d(i) = -i**2 - 11*i + 5. Let n be d(-11). Let t = 9 - n. Suppose t*r - 3*r = -3*o - 7, o = 5*r - 13. What are the prime factors of r?
2
Let h(f) be the first derivative of -49*f**4/4 - 2*f**3/3 + f + 8. What are the prime factors of h(-1)?
2, 3
Let v(h) = -h**3 + 11*h**2 + 11*h + 14. Let f be v(12). Suppose -3*j = f*j - 95. What are the prime factors of j?
19
Let i(r) = -r**2 + 16. Let j(u) = -u**2 + 4*u. Let f be j(4). Suppose f = p - 2*p. What are the prime factors of i(p)?
2
Let u be (-28)/(-8)*4/7. Suppose -3*y + 43 = u*y + 4*s, 0 = 3*s - 6. What are the prime factors of y?
7
Suppose 2*s = 4*g - 60, g = -2*s - 2*s + 24. Let i = 64 - 42. Let b = i - g. List the prime factors of b.
2, 3
Suppose 0*r = 3*l + 5*r - 232, 242 = 3*l - 5*r. What are the prime factors of l?
79
Let c be -24*-2*(-3)/12. List the prime factors of (-1)/(1 + c/10).
5
Let g = 33 - -52. Let s = g + -54. What are the prime factors of s?
31
Let o = 12 + -21. Let c(m) = -m**2 - 8*m + 13. List the prime factors of c(o).
2
Suppose -4*n + y - 186 = -9*n, 0 = n - 5*y - 32. List the prime factors of n.
37
Let b = 410 - 185. List the prime factors of b.
3, 5
Let n = 301 + -90. List the prime factors of n.
211
Suppose -5*a + 3*n + 2*n + 70 = 0, 5*a = 3*n + 68. List the prime factors of a.
13
Suppose 3*x - 45 = 3*p, p - 2*p + 23 = x. What are the prime factors of x?
19
Suppose 4*b = b + 12. Suppose -b*u + 0*u = -12. What are the prime factors of u?
3
Let n(o) = -o - 3. Let i be n(6). Let w = 5 - i. Let k = -7 + w. List the prime factors of k.
7
Let z be ((-1)/2)/((-3)/12). Suppose 10 = z*f, -2*f + 23 = x - f. List the prime factors of x.
2, 3
Suppose u + 10 = 20. What are the prime factors of u?
2, 5
Let w(h) = -h**3 - 27*h**2 - 59*h + 6. List the prime factors of w(-25).
3, 7, 11
Let k = 458 - 208. What are the prime factors of k?
2, 5
Let r(k) = k**2 - k + 22. What are the prime factors of r(0)?
2, 11
Let p(m) = m. Let d be p(0). What are the prime factors of 4 - d/((-3)/1)?
2
Suppose 0 = -10*z + 5*z + 240. What are the prime factors of z?
2, 3
Let i = -6 + 5. Let o = 6 + -10. Let c = i - o. What are the prime factors of c?
3
What are the prime factors of (1 + 430/4)*(-408)/(-238)?
2, 3, 31
Suppose 507 = 5*m + 82. List the prime factors of m.
5, 17
Let p = 10 - -7. Suppose 18 + 2 = -5*r, -3*k + p = -2*r. Suppose 11 = k*n - 2*n + 5*d, -4*n - d + 44 = 0. List the prime factors of n.
11
Suppose -4*r = 177 - 929. Suppose -5*o + o + r = 0. List the prime factors of o.
47
Suppose -15*v - 272 = -16*v. List the prime factors of v.
2, 17
Suppose 0*o = -4*o + 48. What are the prime factors of o?
2, 3
What are the prime factors of 61 - (51/15 + (-4)/10)?
2, 29
Suppose -6*d = -5*l - 4*d + 293, 2*l - 122 = 2*d. What are the prime factors of l?
3, 19
Suppose 0*a = -3*a. Suppose m - 17 = -3*w, a*w - 4*m = 2*w + 2. List the prime factors of w.
7
Let p(o) = o**3 - 12*o**2 - 14*o + 8. Let f be p(13). Let r = 52 + f. List the prime factors of r.
47
Suppose 3*l + 15 - 3 = 0. Let u be 1/(-3)*108/l. Suppose 5*m - 36 - u = 0. What are the prime factors of m?
3
Let c(t) = -3*t - 4. Let f be c(-4). Let n(h) = -h**3 + 10*h**2 - 12*h + 6. List the prime factors of n(f).
2, 19
Let h(j) be the second derivative of 11*j**5/60 + j**4/24 - j**2/2 - j. Let i(s) be the first derivative of h(s). List the prime factors of i(1).
2, 3
Let g = -224 - -412. What are the prime factors of g?
2, 47
List the prime factors of 6*(4 + (3 - 0)).
2, 3, 7
Suppose 10 = -4*q - 2. Let x(t) = -t**3 - 3*t**2 - t - 1. What are the prime factors of x(q)?
2
Suppose -2*h + 0*h - l - 788 = 0, -5*h + 5*l - 1940 = 0. What are the prime factors of h/(-20)*(-20)/(-8)?
7
Let r(y) = -2*y. Let p be r(-1). List the prime factors of 1 + -4 - p*-25.
47
Let i(l) = 6*l - 1. Let s be i(1). Suppose p - 4*p = -q - s, 4*q = p + 2. List the prime factors of p.
2
Let k be 4/10 - (-296)/10. Let v = k - 18. Suppose -g = g - v. List the prime factors of g.
2, 3
Let s(o) = o**3 - 5*o**2 + 3*o + 7. List the prime factors of s(7).
2, 3, 7
Let f = -2 + 0. Let t be f + (-44)/(-2) + -2. Let v = t + -7. What are the prime factors of v?
11
Let z(q) = -q**2 + 3*q. Let l be z(1). List the prime factors of (1/l)/((-5)/(-330)).
3, 11
Let q = 111 + -57. List the prime factors of q.
2, 3
Let i = 18 - -10. What are the prime factors of i?
2, 7
Let d = 4 + -4. Let k = d - 2. List the prime factors of k*(26/(-4) + -1).
3, 5
Suppose 2*s - 3*s = 2. Let y(c) = -c**3 - 4*c**2 - 3*c - 1. Let b be y(s). List the prime factors of (-22)/(-2) - (b - -3).
11
Suppose 2*f + 47 = 2*z - 3*f, -3*f + 107 = 4*z. Let n = z - 15. What are the prime factors of n?
11
Let l = 6 + -4. Suppose 0 = 2*v + l*v - 40. What are the prime factors of v?
2, 5
Let d = 75 + -30. What are the prime factors of d?
3, 5
Let z(h) = -h**3 - 3*h**2 + h - 1. List the prime factors of z(-5).
2, 11
What are the prime factors of 10/((-4)/6 - 305/(-435))?
2, 5, 29
Suppose 0 = 4*n - 8*n + 8. Suppose -3*h + 104 = n*h + 3*z, 5*h = -z + 108. What are the prime factors of h?
2, 11
Let n be -2 - 4/(-1)*13. Let j = n - 18. List the prime factors of j.
2
Suppose -o = -152 - 69. What are the prime factors of o?
13, 17
Suppose 0 = 3*j - 116 - 34. Suppose -6*m + j = -m. List the prime factors of m.
2, 5
Let x be (-280)/14*(-4)/(-10). Let u(n) = -8*n - 7. List the prime factors of u(x).
3, 19
Suppose v - 5*c = 13 + 39, 3*v = 2*c + 130. Let a = v - 17. List the prime factors of a.
5
Let g(u) = -2*u - 1. Let d be g(-5). Suppose -5*a + a = 28. Let j = d + a. List the prime factors of j.
2
Let p(q) = 176*q**2 + q - 1. What are the prime factors of p(1)?
2, 11
Let h be -4*(-1 + 8*-1). Suppose 5*u - h = 104. List the prime factors of u.
2, 7
Suppose -l + 250 = -3*f, 3*f + 2*l + 81 = 2*f. What are the prime factors of f/(-5) - 3/5?
2
Suppose -2*p - 2*p = -2*u - 16, 0 = 5*p - 5*u - 30. List the prime factors of (3 - p)/(1/5).
5
Let x = -17 + 17. Suppose x = -t - 2*t - 5*c + 166, 4*t + 2*c - 198 = 0. List the prime factors of t.
47
Suppose v - 2*k + 10 = 0, 5*v - 2*k - 19 = -69. Let n = v - -19. What are the prime factors of n?
3
Let s = 2 - -8. Let t(i) = i + 10. Let c be t(-7). Suppose s = 2*x + 2*w, -w + 1 = -c*x + 20. What are the prime factors of x?
2, 3
Suppose 0 = -5*u - 3*f + 123, -3*u + 73 = 4*f - 3. List the prime factors of u.
2, 3
Suppose -5*i - 57 = -4*o + 208, -4*i = 5*o - 321. What are the prime factors of o?
5, 13
Suppose 0 = 3*d - 2*d - 2*n - 18, 0 = d + 5*n + 17. Let m = 13 - d. List the prime factors of m.
5
Let q(l) be the first derivative of -l**5/60 + 11*l**4/24 - 11*l**3/6 + 3*l**2/2 + 2. Let b(h) be the second derivative of q(h). List the prime factors of b(9).
7
Let q(d) = d**3 + 9*d**2 - d + 16. What are the prime factors of q(-9)?
5
Let w be 1/(-1) - -1*13. Let c be w/2 + -1 + 0. Suppose -c*q = -2*q - 21. What are the prime factors of q?
7
Let q(r) = 2*r - 2. Let o be q(2). Suppose -3*k + 3*l = -0*l - 72, 2 = o*l. Suppose 5*j = -5*p + k, j = -j + 5*p + 3. What are the prime factors of j?
2
Suppose -5*v - 1 = k, -4*v - 4*k - 4 = -v. Let c = v - -2. Suppose -c*o + 7*o = 15. What are the prime factors of o?
3
Let y(c) = 14*c**2 + 2*c - 2. List the prime factors of y(4).
2, 5, 23
Let v be (-7)/(-3) + (-18)/(-27). What are the prime factors of -3 - (-2 - 43)/v?
2, 3
Let g(z) = -z**2 + 6*z + 1. Let q be g(3). Let r = q - 6. What are the prime factors of r?
2
Suppose -113 = -4*w - 17. List the prime factors of w.
2, 3
Suppose 3 = i + 1. Let h(s) = s**2 + 7*s + 4. Let o be h(-7). Suppose